1
Let n(g) = g**3 + 12*g**2 - 8*g - 15. Let u be n(-12). Let a = u - 46. What is the units digit of a?
5
Suppose -2*a = 8, -5*a + 326 = l - 216. What is the tens digit of l?
6
Let p(k) = 57*k + 213. What is the tens digit of p(33)?
9
Let x = 129 - -18. Suppose 2*y = -y + x. What is the tens digit of y?
4
Let i = -4 + 6. Suppose i*o + 21 = -o. What is the tens digit of o*4/(-14)*9?
1
Let t = -28 + 43. Suppose 2*l - t = 113. Suppose -4*o + l = -112. What is the tens digit of o?
4
Suppose -y + 2440 = 5*b - 3753, -4*b + 4*y + 4940 = 0. What is the thousands digit of b?
1
Suppose -2*m - 13 + 23 = 0. Suppose c + 3 = m. What is the units digit of (-6314)/(-88) + c/8?
2
Suppose 6*p - 4*p - 460 = -4*k, 3*p = 5*k - 597. What is the hundreds digit of k?
1
Suppose 4*s = -4*u + 8, -5*u - 3*s = -4*u - 2. Suppose 0 = 5*l - 0*l + 3*c - 402, -3*l + 226 = -u*c. What is the units digit of l?
8
Let k(l) = -l**2 - 22*l + 2. Let c(w) = w. Let d(h) = 5*c(h) + k(h). What is the units digit of d(-7)?
2
Let u be (-2)/((-4 + 3)/3). What is the tens digit of (u/12 + -5)*100/(-3)?
5
Suppose 4*t - t = 246. Suppose -3*w + 5*m - 9 = 0, 4*w - 4*m = 3*w - 10. Suppose w*l + t = 4*l. What is the tens digit of l?
4
Let r(p) = 2*p + 1 + 13 - 3 + 8. What is the units digit of r(-9)?
1
Suppose 5844 = 15*a + 1269. What is the tens digit of a?
0
What is the thousands digit of 1*2273 + (10/(-10))/1?
2
What is the hundreds digit of (-4985)/(-45) + 7 + 4/18?
1
Suppose -3*m = -15*m - 60. Let k(p) = -2*p**2 + 7*p + 2 + 3*p**2 - p**3 - 3*p**2 + 0*p**2. What is the units digit of k(m)?
2
What is the units digit of (-13 - (-53)/(-3))/(2/(-51))?
2
What is the tens digit of -3 + (-1534)/(-2) + 8?
7
Let t(m) be the first derivative of -m**3/3 + 13*m**2/2 + 8*m - 2. What is the tens digit of t(7)?
5
Let j = 2 + 2. Suppose 0*p + j*p = 88. Let d = p + 12. What is the tens digit of d?
3
Let n = -23 + 23. Suppose 7 = 3*h - g, 5*h - 23 = -n*h - 4*g. What is the tens digit of 58/3 - 1/h?
1
Let t(l) = -4*l - 70. Let y be t(-11). Let r = 27 - y. What is the units digit of r?
3
Let t(g) = g**3 + 3*g**2 - 12*g - 9. Let c be 10/15 - 68/12. Let u be t(c). Let y(q) = 31*q**3 + q - 1. What is the units digit of y(u)?
1
Let d(r) = -2*r**3 - 2*r**2 + 3*r + 258. What is the tens digit of d(0)?
5
Let d(b) = -2*b + 12. Let y = 9 + -1. Suppose y*u - 6*u = -10. What is the tens digit of d(u)?
2
Let q = -7 + 10. Let t = q - -13. What is the tens digit of t?
1
Suppose -78*g - 7320 = -86*g. What is the hundreds digit of g?
9
What is the hundreds digit of 4/14 + 41180/28?
4
Let g(i) = 6*i + 5. Let m = 86 - 81. What is the units digit of g(m)?
5
Let l be (-1)/(75/18 + -4). Let y = l - -18. Suppose -5*d = k - y, -5*k - 3*d + 42 = 4. What is the units digit of k?
7
Let q = 430 - 139. Suppose 4*b - 252 + 29 = -3*m, 0 = 4*m - b - q. What is the units digit of m?
3
Let a be 4/(-6)*9/6*203. Let p = -103 - a. What is the hundreds digit of p?
1
What is the units digit of -15*3/(-9) - -68?
3
Suppose 37*l - 101352 = -4*l. What is the thousands digit of l?
2
Suppose -4*b + 1402 + 199 = -3*d, 0 = -4*b - 2*d + 1586. What is the tens digit of b?
9
Let w(t) = -t**2 + 10*t - 17. Let y(u) = -3*u - 9. Let f be y(-5). What is the units digit of w(f)?
7
Let l = -110 - -113. What is the hundreds digit of l*(-2112)/(-63) - (-3)/7?
1
Suppose 24*l - 85*l + 10797 = 0. What is the tens digit of l?
7
Let d(i) = 4*i - 7. Let r be d(3). Suppose 0 = g - r*l - 58, -g - l + 9 + 79 = 0. What is the tens digit of g?
8
Let l(p) = 13*p. Let t be l(1). Let k = t - 8. Suppose -i + 2*i = -2*a + 30, -2*a + 42 = -k*i. What is the units digit of a?
6
Suppose 0 = 5*u + 2*y - 124 - 26, 0 = 4*u - y - 107. What is the hundreds digit of (-114)/12*u/(-2)?
1
Suppose -4*x + 20 = 0, i + x = 2*i + 4. Let l = i - -4. What is the units digit of (-8)/(-20) + 43/l?
9
Suppose 6*j = 4*j - 4*s, -5*s = 0. Let y(z) = z**3 - z**2 - z + 4. Let t be y(j). Suppose -t + 44 = 2*b. What is the units digit of b?
0
Let r be ((-804)/(-18))/(6/(-9)). Let a = r - -199. What is the units digit of a?
2
Let v(u) be the third derivative of u**5/30 - u**4/24 + u**2. What is the tens digit of v(-6)?
7
Suppose -3*p + 1 = -k + 10, -2*k + 6 = 0. Let o(c) = -2*c - 1. Let f be o(p). Suppose 111 = 4*v - f*a, 56 - 161 = -3*v - 5*a. What is the units digit of v?
0
Let w(a) = 3*a**2 + a - 11. Let m be w(-7). Let z = m + -16. What is the tens digit of z?
1
Let q = 38 - 34. Suppose -y + 63 = o, -3*y + q = -o - 177. What is the units digit of y?
1
Let g(c) = -c**3 + 10*c**2 - 12*c - 5. Suppose 0 = -0*j + 7*j - 42. What is the tens digit of g(j)?
6
Let d(r) = -6*r - 52. Let v be d(-8). Let m(y) = -3*y**3 + 3*y**2 + 5*y + 11. What is the tens digit of m(v)?
3
Let b = 54 + -54. Suppose p + 4*i - 169 = b, -5*i - 12 = -2*i. What is the units digit of p?
5
Suppose 2*y + 118 - 1028 = 0. Suppose -71 = 6*p - y. What is the units digit of p?
4
Let u(z) = 2*z - 5. Let p be u(4). Suppose -4*b + p*b = -10. What is the units digit of b?
0
Let x = 953 + 2528. What is the hundreds digit of x?
4
Suppose 11*y - 1972 - 943 = 0. What is the units digit of 32/20*y/2?
2
Let j = 190 - 20. What is the hundreds digit of j?
1
Let p = -11456 - -16214. What is the hundreds digit of p?
7
Let n = -9 - -3. Let o(c) = 3*c**2 + 10*c + 2. Let a(b) = 4*b**2 + 11*b + 1. Let x(l) = n*o(l) + 5*a(l). What is the units digit of x(6)?
5
Let x = 114 + -80. Let z(r) = -r**2 - 11*r + 15. Let l be z(-12). Suppose -47 = -l*n + x. What is the tens digit of n?
2
Let q(t) = -2 - 1 - 33*t + 9*t + 4. What is the tens digit of q(-3)?
7
Let q be (2 - (-3 + 4))*2. Let b = -1 + q. What is the units digit of b?
1
Suppose i - 5*c = 2*i - 12, -5*i + 4*c + 60 = 0. Suppose 9*y - 243 = i*y. Let w = -46 - y. What is the units digit of w?
5
What is the tens digit of ((-21)/4)/(1485/252 - 6)?
4
Let u be (-2)/2 + (-7 - -12). Let c be ((-57)/9 - -5)/((-2)/78). Suppose u*b = -c + 300. What is the units digit of b?
2
What is the thousands digit of 5418/4 - 12/24?
1
Let x(a) = -34*a. Let i = -75 + 72. What is the hundreds digit of x(i)?
1
Let u(s) = -2*s - 14. Let p be ((0 + 1)*11)/(-1). Let v be u(p). Suppose i = f - 2*i - 20, 2*i = -v. What is the units digit of f?
8
Suppose 14*z = 22*z - 13784. What is the tens digit of z?
2
What is the units digit of (-16680)/(-45) + (-8)/12?
0
Suppose 5*i + 145*l - 20312 = 141*l, 5*l + 10 = 0. What is the units digit of i?
4
Let c be (-1 + -1)*20/(-8). Suppose c*k = 6*k - 82. What is the units digit of k?
2
Suppose 28*u - 38*u = -8680. What is the tens digit of u?
6
Suppose -22*w = -21*w - 238. What is the hundreds digit of w?
2
Let w = -251 - -466. Suppose -2*j - 178 = -4*y, -5*j + w = 3*y + 2*y. What is the units digit of y?
4
What is the tens digit of ((-2850)/(-133))/((-3)/(-63))?
5
Let p = -548 - -1334. What is the units digit of p?
6
Let i = 155 + -111. Suppose -i = 2*a - 3*a. Suppose -3*o + 10 + a = 0. What is the units digit of o?
8
Suppose -d + 164 = -102. Suppose 103 = h + r, -4*r - d = -3*h + 22. What is the tens digit of h?
0
Let o = 12 + -10. Suppose 10 = -3*l - o. What is the tens digit of l/18 + 685/45?
1
Let d(l) = l**2 + l - 3. Let f be d(4). Let v = f - 14. Suppose 2*p = v*p - 7. What is the units digit of p?
7
Let b(o) = -o**3 - 7*o**2 + 10*o + 10. Let h be b(-8). What is the units digit of 6/(-9) + (2108/h)/(-2)?
5
Suppose 3*q = 5*q + 118. Let v = 124 + q. What is the tens digit of v?
6
Suppose -5*y + 10*v - 215 = 5*v, 5*y + v + 233 = 0. Let x = y + 99. What is the units digit of x?
3
Let v(r) = 1226*r**2 - 7*r + 8. What is the tens digit of v(1)?
2
Suppose -10 = -5*b + 50. Suppose -y = -b - 14. What is the tens digit of y?
2
Suppose 9*z + f = 6*z + 3133, -2097 = -2*z + f. What is the units digit of z?
6
Let g be ((-10)/(-4))/(30/72). Suppose -g*n = -5*n. What is the units digit of (-108 - n)*24/(-36)?
2
What is the hundreds digit of (-21)/14*(-6400)/24?
4
Suppose d - 3*u - 42 = -345, 0 = 4*u. What is the units digit of ((-4)/((-24)/d)*4)/(-2)?
1
Let q(r) be the first derivative of -r**3/3 - 9*r**2 + 12*r + 6. What is the tens digit of q(-13)?
7
Let z be 24/(-14)*(-12 + 5). What is the units digit of (-2)/8 - (-723)/z?
0
Let i(s) = s**3 - 3*s - 2. Let d be i(-1). Suppose 5*b - 49 - 21 = d. What is the units digit of